{"id":30,"date":"2017-04-24T20:55:34","date_gmt":"2017-04-24T18:55:34","guid":{"rendered":"https:\/\/jirijursa.cz\/kocman2\/?page_id=30"},"modified":"2019-10-20T19:00:41","modified_gmt":"2019-10-20T17:00:41","slug":"sluzby","status":"publish","type":"page","link":"https:\/\/www.kacenikocman.cz\/?page_id=30","title":{"rendered":"Slu\u017eby"},"content":{"rendered":"<p>Prov\u00e1d\u00edm k\u00e1cen\u00ed strom\u016f v\u00a0prostor\u00e1ch, kde nen\u00ed mo\u017eno strom pok\u00e1cet cel\u00fd najednou.<\/p>\n<p>Nap\u0159\u00edklad: Mezi domy, v\u00a0zahrad\u00e1ch, el. Veden\u00ed, h\u0159bitov. Stromy nemocn\u00e9 a nebezpe\u010dn\u011b naklon\u011bn\u00e9. K\u00e1cen\u00ed prov\u00e1d\u00edm postupn\u00fdm se\u0159ez\u00e1v\u00e1n\u00edm od koruny dol\u016f. V\u011btve se spou\u0161t\u00ed lanem p\u0159es buben tak, aby nedo\u0161lo k\u00a0po\u0161kozen\u00ed majetku. N\u00e1sledn\u011b prov\u00e1d\u00edm tyto \u0159ezy strom\u016f: Dodr\u017eujeme standardy pro \u0159ez strom\u016f vydan\u00e9 AOPK \u010cR.<\/p>\n<ol class=\"sluzby\">\n<li><strong>Bezpe\u010dnostn\u00ed \u0159ez:<\/strong> Po jeho proveden\u00ed nebude strom svoje okol\u00ed ohro\u017eovat p\u00e1dem such\u00e9 nebo zlomen\u00e9 v\u011btve.<\/li>\n<li><strong>Zdravotn\u00ed \u0159ez:<\/strong> Krom\u011b bezpe\u010dnosti t\u00edmto \u0159ezem je\u0161t\u011b podpo\u0159\u00edme vitalitu stromu.<\/li>\n<li><strong>Reduk\u010dn\u00ed \u0159ez:<\/strong> T\u00edmto typem \u0159ezu zv\u00fd\u0161\u00edme bezpe\u010dnost stromu proti zlomen\u00ed nebo v\u00fdvratu.<\/li>\n<li><strong>V\u00fdchovn\u00fd \u0159ez:<\/strong> V\u00fdchovn\u00fdm \u0159ezem mlad\u00fdch strom\u016f po v\u00fdsadb\u011b ovlivn\u00edme architekturu koruny a bezpe\u010dnost stromu v dosp\u011blosti.<\/li>\n<li><strong>Sesazovac\u00ed \u0159ez:<\/strong> T\u00edmto \u0159ezem odstran\u00edme podstatnou \u010d\u00e1st nebo celou korunu stromu z\u00a0d\u016fvodu bezpe\u010dnosti.<\/li>\n<li><strong>Bezpe\u010dnostn\u00ed vazby:<\/strong> Ochrana p\u0159ed rozlomen\u00edm koruny stromu.<\/li>\n<\/ol>\n<ol class=\"sluzby\">\n<li style=\"list-style-type: none;\">\n<ol class=\"sluzby\">Nad\u00e1le:<\/ol>\n<\/li>\n<\/ol>\n<p>\u00a0<\/p>\n<ol class=\"sluzby\">\n<li><strong>\u0160t\u011bpkujeme<\/strong> pomoc\u00ed \u0161t\u011bpkova\u010de ARB 150MT 26.<\/li>\n<li><strong>Fr\u00e9zujeme<\/strong> pa\u0159ezy pomoc\u00ed pa\u0159ezov\u00e9 fr\u00e9zy STX26 a\u017e 30 cm pod \u00farove\u0148 ter\u00e9nu v\u010detn\u011b ko\u0159enov\u00fdch n\u00e1b\u011bh\u016f.<\/li>\n<li><strong>Likvidujeme<\/strong> n\u00e1letov\u00e9 d\u0159eviny pomoc\u00ed p\u00e1sov\u00e9ho stroje zn. BOBCAT s\u00a0mul\u010dov\u00e1n\u00edm za\u0159\u00edzen\u00edm.<\/li>\n<li>Poskytujeme t\u011b\u017eebn\u00ed pr\u00e1ce pomoc\u00ed stroje UKT vybaven\u00e9ho lanov\u00fdm nav\u00edjec\u00edm za\u0159\u00edzen\u00edm.<\/li>\n<li>Prov\u00e1d\u00edme v\u00fdsatby strom\u016f dle spisov\u00fdch n\u00e1vrh\u016f.<\/li>\n<\/ol>\n\n\n<p><\/p>\n","protected":false},"excerpt":{"rendered":"<p>Prov\u00e1d\u00edm k\u00e1cen\u00ed strom\u016f v\u00a0prostor\u00e1ch, kde nen\u00ed mo\u017eno strom pok\u00e1cet cel\u00fd najednou. Nap\u0159\u00edklad: Mezi domy, v\u00a0zahrad\u00e1ch, el. Veden\u00ed, h\u0159bitov. Stromy nemocn\u00e9 a nebezpe\u010dn\u011b naklon\u011bn\u00e9. K\u00e1cen\u00ed prov\u00e1d\u00edm postupn\u00fdm se\u0159ez\u00e1v\u00e1n\u00edm od koruny dol\u016f. V\u011btve se spou\u0161t\u00ed lanem p\u0159es buben tak, aby nedo\u0161lo k\u00a0po\u0161kozen\u00ed &hellip; <a href=\"https:\/\/www.kacenikocman.cz\/?page_id=30\">Cel\u00fd p\u0159\u00edsp\u011bvek <span class=\"meta-nav\">&rarr;<\/span><\/a><\/p>\n","protected":false},"author":1,"featured_media":0,"parent":0,"menu_order":0,"comment_status":"closed","ping_status":"closed","template":"","meta":{"footnotes":""},"class_list":["post-30","page","type-page","status-publish","hentry"],"_links":{"self":[{"href":"https:\/\/www.kacenikocman.cz\/index.php?rest_route=\/wp\/v2\/pages\/30","targetHints":{"allow":["GET"]}}],"collection":[{"href":"https:\/\/www.kacenikocman.cz\/index.php?rest_route=\/wp\/v2\/pages"}],"about":[{"href":"https:\/\/www.kacenikocman.cz\/index.php?rest_route=\/wp\/v2\/types\/page"}],"author":[{"embeddable":true,"href":"https:\/\/www.kacenikocman.cz\/index.php?rest_route=\/wp\/v2\/users\/1"}],"replies":[{"embeddable":true,"href":"https:\/\/www.kacenikocman.cz\/index.php?rest_route=%2Fwp%2Fv2%2Fcomments&post=30"}],"version-history":[{"count":4,"href":"https:\/\/www.kacenikocman.cz\/index.php?rest_route=\/wp\/v2\/pages\/30\/revisions"}],"predecessor-version":[{"id":262,"href":"https:\/\/www.kacenikocman.cz\/index.php?rest_route=\/wp\/v2\/pages\/30\/revisions\/262"}],"wp:attachment":[{"href":"https:\/\/www.kacenikocman.cz\/index.php?rest_route=%2Fwp%2Fv2%2Fmedia&parent=30"}],"curies":[{"name":"wp","href":"https:\/\/api.w.org\/{rel}","templated":true}]}}